 y**3 - y**2 - y + 73. Let z be n(0). Suppose -3*a + r - z = 0, -2*a - 19 = 3*r + 26. What is the units digit of a*1*14/(-8)?
2
Let b be 2*(10 + 2/(-1)). Let i = -16 + b. Suppose y = -i*y + 34. What is the tens digit of y?
3
Let t = 29 - 28. What is the units digit of t + (-754)/(-6) + (-1)/(-3)?
7
Let b(p) = 37*p - 1. Let d be b(1). Let k = d + -24. Let g(u) = 7*u - 13. What is the tens digit of g(k)?
7
Let s(o) = o**3 + 4*o**2 + 4*o - 16. Let b be s(-7). What is the units digit of (-2 - 0)/(2/b*1)?
1
Suppose -14*w + 9*w = -4285. What is the tens digit of w?
5
Suppose 0 = 5*s - 14 - 6. Suppose 2*l = -s*i + 10, -i - 10 = -5*l + 4*i. Suppose 2*u - l*u = 2*z - 17, -2*z = -5*u + 13. What is the units digit of z?
6
Let f = -98 + -112. What is the tens digit of ((2 + f/(-4))*4)/2?
0
Suppose -6 = 3*b + 6. Suppose -3*o + 22 = -h, 20*o = 3*h + 15*o + 66. Let c = b - h. What is the units digit of c?
8
Suppose 4*o - 789 = 303. What is the units digit of o?
3
Let m(v) be the first derivative of v**2/2 + 16*v - 31. Let l be 50/(-4) + (-2)/(-4). What is the units digit of m(l)?
4
Let q(i) = 2*i. Let n(x) = -x**3 + 3*x**2 - x. Let z(p) = -p**2. Let j(a) = n(a) - z(a). Let c be j(3). What is the units digit of q(c)?
2
Let x be (7/1)/(6 - 7). Let f(b) = -b**3 - 6*b**2 + 8*b + 10. Let u be f(x). Suppose 4*z - u = 61. What is the tens digit of z?
1
Let u(v) = -22*v**2 + 7*v + 5. Let l be u(-2). Let a = 282 + l. What is the units digit of a?
5
Suppose -k - 11 = -1. Let y(f) = f + 6. Let o be y(k). Let r(c) = 2*c**2 - 3*c + 3. What is the units digit of r(o)?
7
Suppose -26 - 64 = 5*c. Let a(p) = p**3 + 18*p**2 - 3*p - 19. What is the units digit of a(c)?
5
Suppose 14*t - 407 = 3*t. What is the tens digit of t?
3
Suppose -4*n = 2*w - 2494, -19*n + 3708 = 3*w - 24*n. What is the hundreds digit of w?
2
Let v(g) = 9*g - 11. Let h(z) = 4*z - 5. Let c(n) = 14*h(n) - 6*v(n). Suppose -i + 2*j = -6, -4*j - 7 + 19 = 0. What is the tens digit of c(i)?
2
Suppose 12*u + 24 = 24*u. Let f be 2/8 - 38/(-8). Suppose 2*z - f*q = 97, -2*q + 16 = -u*z + 104. What is the tens digit of z?
4
Let i(r) = -2*r**2 - 2*r + 2. Let b be i(-3). Let f = b + 14. Suppose -15 - 1 = -f*h. What is the units digit of h?
4
Suppose -6*c - 10*c - 16 = 0. What is the tens digit of (0 - c)/(13/3289)?
5
Let b(y) = 6*y**3 - 2*y**2 - 7. Let l(h) = 13*h**3 - 3*h**2 + h - 14. Let d(o) = -7*b(o) + 4*l(o). What is the units digit of d(3)?
3
Let g be (-9)/45 + 38/(-10). Let t be 1849 - -4*g/16. What is the units digit of t/(-21)*(-1)/2?
4
Let q(d) = d**2 + 2*d. Let j be q(-3). Suppose -4*g - 71 = -5*z - 26, -5*z + 5 = 4*g. Suppose j*p = 3*x - z*x + 27, 2*x = 0. What is the units digit of p?
9
Let f = -17 - -29. Suppose -16 = 13*n - 15*n. Let t = f - n. What is the units digit of t?
4
Let s = -47 - -112. Suppose s = 2*k + 3*k. Let x = 0 + k. What is the units digit of x?
3
Let x be (-24)/4*12/9. Let z(d) = d**2 + 9*d + 11. Let g be z(x). Suppose -g*j + 30 = -0. What is the tens digit of j?
1
Let s = -9 + 22. Suppose 0 = -4*c + 11 + s. What is the units digit of 8*-1*(-3)/c?
4
What is the units digit of 4230/10 + (-4 + 3 - 0)?
2
Suppose -2*q + 10 = -3*p, -4*q + 3*p + 2*p + 18 = 0. Let s(i) = 11*i**3 + 3*i**2 - 7*i + 5. What is the tens digit of s(q)?
9
Suppose 2410 = -21*q + 9718. What is the tens digit of q?
4
Let z be 15/2 - 2/4. Let g = -11 + 19. Suppose 0 = o - z - g. What is the tens digit of o?
1
Let f(p) = 37*p + 6. Let u be f(-6). Let v = 412 + u. What is the tens digit of v?
9
Let v = -5826 + 10518. What is the hundreds digit of v?
6
What is the units digit of 12/28 + 81/(-7)*-43?
8
Let j be (-18)/24*(-8)/(-2). What is the tens digit of 0 - j - (-110 + (-1 - 1))?
1
Suppose -4*a + 2*x + 18 = 0, -3 = 2*a - 4*a - 5*x. Suppose 566 = -3*r + 8*r - 2*h, -a*r + 4*h + 460 = 0. What is the units digit of r?
2
Suppose 0 = 7*l + l. Suppose 3*v = 3*s - l*s + 1500, v + 1006 = -2*s. What is the tens digit of s/(-10) - 5/25?
5
What is the units digit of (-3824)/(-10)*(-115)/(-46) + -8?
8
Let u be 9 - 1/(2 - 1). Suppose u = 5*h - 7. Suppose -5*p = -h*s - 24, 2*p - 5*s - 9 = 12. What is the units digit of p?
3
Let d be 3*(-1 + (-28)/(-24))*8. Suppose 493 = d*t + 129. What is the tens digit of t?
9
Let h(b) = 34*b**2 - b. Let z be h(1). Let l = 62 - z. What is the tens digit of l?
2
What is the units digit of -166*26/(-4) + (-3 - -5)?
1
Let m(z) = -7*z**3 - z**2 + 2. Let v be m(2). Suppose -4*r = 5*l + 341, l + l + 254 = -3*r. Let j = v - r. What is the units digit of j?
6
Let q(c) = 2*c**2 - 14*c + 4. Let b be q(7). Suppose 0 = -4*s, -m - b*m + 240 = s. What is the units digit of 0 - m/(-1 - 2)?
6
Suppose v - 4*u = 2, 2*v - 8*u = -5*u + 4. Suppose -4*t + 432 = -v*r, -5*r + 6*r = -t + 102. What is the hundreds digit of t?
1
What is the units digit of (-15580)/(-24) - ((-14)/(-12) - 1)?
9
Let l(j) be the second derivative of j**4/3 + j**3/6 + 5*j. What is the units digit of l(-4)?
0
Suppose 155 = -14*a + 2969. Suppose o + 206 + a = 4*f, 0 = -4*f + 4*o + 416. What is the units digit of f?
1
Suppose 3*b - 8*b - 100 = 0. Let t = b + 24. Suppose -t*c + 142 = 2*p, 133 = 4*c + p - 2*p. What is the tens digit of c?
3
Let x = -14 - -29. Suppose -5*o + 90 = x. Let v = 19 - o. What is the units digit of v?
4
Suppose -5*b = -120 - 80. Let r = b + 23. What is the tens digit of r?
6
Suppose -s + 734 - 288 = -r, -2*s = 4*r - 898. What is the hundreds digit of s?
4
Let w(c) = -54*c + 1. What is the units digit of w(-2)?
9
Let p(q) = 5*q**3 - q**2 + 4*q - 6. What is the tens digit of p(3)?
3
Let m = -2730 - -4669. What is the thousands digit of m?
1
Let a(t) = -t**2 + t + 536. Let g be a(0). Suppose 0 = -9*p + 11*p - g. What is the tens digit of p?
6
Let o be 4 - -1 - 4/12*3. What is the units digit of o*2 + -2*3/(-6)?
9
Let o(v) be the second derivative of v**5/15 - v**3 + v**2/2 + 5*v. Let r(l) be the first derivative of o(l). What is the tens digit of r(-3)?
3
Suppose 0 = -2*y + 4*i + 2084, -4*i = 2*y - 5*i - 2075. What is the thousands digit of y?
1
Let f = 12 - 26. Let h = -24 + 47. Let n = h + f. What is the units digit of n?
9
What is the units digit of 1655*(2/(-7) + (-192)/(-280))?
2
Let z(g) = 55*g + 142. What is the units digit of z(-2)?
2
Suppose 0 = -3*p + u + 289, -2*p + 118 = 2*u - 88. What is the tens digit of p?
9
Let t = -31 + 23. What is the tens digit of 3 + (t - -2) - -129?
2
Let o(j) be the third derivative of j**4/12 + 2*j**3 + 4*j**2. What is the tens digit of o(9)?
3
What is the units digit of 0 + 4 + 1148 + 144/(-16)?
3
Let a = -11249 + 15788. What is the tens digit of a?
3
Let k be (-4484)/48*-3 - 3/(-4). Suppose -3*b + k = -163. What is the units digit of b?
8
Let k(w) be the third derivative of w**5/20 - w**4/6 - 2*w**3 - 25*w**2. What is the hundreds digit of k(-6)?
1
Let y(o) = o + 65. What is the tens digit of y(14)?
7
Let b be (2*36/8)/1. Suppose 0 = -n + b + 18. Suppose 0 = 4*s - s - n. What is the units digit of s?
9
Suppose -5*y = -3*n - 2582, 1016 = 2*y - 4*n + 7*n. What is the hundreds digit of y?
5
Suppose -m - 2*t - 2*t + 63 = 0, 0 = -3*t + 3. Suppose 0*y - 17 = y. Let u = m + y. What is the tens digit of u?
4
Let y be (6/(-15))/(3/(-15)). Suppose 0 = y*s - 6*s + 20. Suppose 4*q = s*j - 308, 2*j + 2*q = 4*q + 124. What is the tens digit of j?
6
Suppose 6 = 5*c - 4. Let m(w) be the first derivative of w**4/2 - w**3/3 - 2. What is the tens digit of m(c)?
1
Suppose 0*v - 4*v = 288. Let q be v/6*(-2)/6. Suppose -2*p - 40 = -3*p - q*t, 4*t - 4 = 0. What is the tens digit of p?
3
Let g be ((-5)/(-2))/(4/112). Let v(y) = -3*y**3 - y + 1. Let p be v(2). Let f = p + g. What is the units digit of f?
5
Suppose -2*h - 2 = y - 1, 0 = -y + 3*h + 9. What is the tens digit of (1 - y)*25/(-1)?
5
Suppose -9410 - 1260 = -10*p. What is the thousands digit of p?
1
Let p be (-6)/(-7)*(-77)/(-22). Suppose m + p*v + 7 = 0, -2*m - 3*v = -7*v + 64. Let c = 24 + m. What is the units digit of c?
2
Let q = 5058 + -1762. What is the tens digit of q?
9
Suppose 0 = -31*v + 59*v - 81368. What is the units digit of v?
6
Suppose 0 = -18*q + 17*q + 337. What is the units digit of q?
7
Let t(a) = 0 - 6*a - 4 + 3 + a**2 + 2*a. Let l be (-5)/(-3*(-1)/3). What is the tens digit of t(l)?
4
Let a(d) = -d + 7. Let n be a(2). Suppose n*t = 